{"id":94,"date":"2024-06-06T23:43:38","date_gmt":"2024-06-06T21:43:38","guid":{"rendered":"https:\/\/www.alutransportboxen.de\/?page_id=94"},"modified":"2024-06-10T09:45:51","modified_gmt":"2024-06-10T07:45:51","slug":"impressum","status":"publish","type":"page","link":"https:\/\/www.alutransportboxen.de\/?page_id=94","title":{"rendered":"Impressum"},"content":{"rendered":"\n<div class=\"wp-block-group alignwide is-vertical is-layout-flex wp-container-core-group-is-layout-d35461e2 wp-block-group-is-layout-flex\" style=\"min-height:0px;margin-top:0;margin-bottom:0;padding-top:var(--wp--preset--spacing--10);padding-right:var(--wp--preset--spacing--50);padding-bottom:var(--wp--preset--spacing--10);padding-left:var(--wp--preset--spacing--50)\">\n<h3 class=\"wp-block-heading has-system-sans-serif-font-family has-large-font-size\">Anschrift:<\/h3>\n\n\n\n<p>Heck-Pack GmbH &amp; Co. KG<br>Unter den Eichen 15<br>57635 Weyerbusch<br>Telefon: 02686 897788<br>Telefax: 02686 897800<br>E-Mail: <a href=\"mailto:info@heck-pack.de\">info@alutransportboxen.de<\/a><\/p>\n\n\n\n<h2 class=\"wp-block-heading has-system-sans-serif-font-family has-large-font-size\">Vertreten durch:<\/h2>\n\n\n\n<p>Gesch\u00e4ftsf\u00fchrer:<br>Alexander Br\u00e4ul<\/p>\n\n\n\n<h2 class=\"wp-block-heading has-system-sans-serif-font-family has-large-font-size\">Registereintrag:<\/h2>\n\n\n\n<p>Eingetragen im Handelsregister.<br>Registergericht: Handelsregister des Amtsgerichtes Montabaur<br>Registernummer: HRA 22420<\/p>\n\n\n\n<p>Die Heck-Pack GmbH &amp; Co. KG wird vertreten durch die Heck-Pack Verwaltungs GmbH, eingetragen im Handelsregister des Amtsgerichtes Montabaur unter HRB 27079.<\/p>\n\n\n\n<h2 class=\"wp-block-heading has-system-sans-serif-font-family has-large-font-size\">Umsatzsteuer-ID:<\/h2>\n\n\n\n<p>Umsatzsteuer-Identifikationsnummer nach \u00a727a Umsatzsteuergesetz: DE 815241303<\/p>\n\n\n\n<h2 class=\"wp-block-heading has-system-sans-serif-font-family has-large-font-size\">Online-Streitbeilegung:<\/h2>\n\n\n\n<p>Nach geltendem Recht sind wir verpflichtet, Verbraucher auf die Existenz der Europ\u00e4ischen Online-Streitbeilegungs-Plattform hinzuweisen, die f\u00fcr die Beilegung von Streitigkeiten genutzt werden kann, ohne dass ein Gericht eingeschaltet werden muss. Die Europ\u00e4ische Kommission ist f\u00fcr die Einrichtung der Plattform zust\u00e4ndig. Die Europ\u00e4ische Online-Streitbeilegungs-Plattform ist <a href=\"http:\/\/ec.europa.eu\/odr\">hier<\/a> zu finden. Unsere E-Mail lautet: info@heck-pack.de. Wir weisen aber darauf hin, dass wir nicht bereit sind, uns am Streitbeilegungsverfahren im Rahmen der Europ\u00e4ischen Online-Streitbeilegungs-Plattform zu beteiligen.<\/p>\n\n\n\n<p><\/p>\n\n\n\n<h2 class=\"wp-block-heading has-system-sans-serif-font-family has-large-font-size\">Disclaimer \u2013 Rechtliche Hinweise:<\/h2>\n\n\n\n<h3 class=\"wp-block-heading has-system-sans-serif-font-family has-large-font-size\">\u00a7 1 Warnhinweis zu Inhalten<\/h3>\n\n\n\n<p>Die kostenlosen und frei zug\u00e4nglichen Inhalte dieser Webseite wurden mit gr\u00f6\u00dftm\u00f6glicher Sorgfalt erstellt. Der Anbieter dieser Webseite \u00fcbernimmt jedoch keine Gew\u00e4hr f\u00fcr die Richtigkeit und Aktualit\u00e4t der bereitgestellten kostenlosen und frei zug\u00e4nglichen journalistischen Ratgeber und Nachrichten. Namentlich gekennzeichnete Beitr\u00e4ge geben die Meinung des jeweiligen Autors und nicht immer die Meinung des Anbieters wieder. Allein durch den Aufruf der kostenlosen und frei zug\u00e4nglichen Inhalte kommt keinerlei Vertragsverh\u00e4ltnis zwischen dem Nutzer und dem Anbieter zustande, insoweit fehlt es am Rechtsbindungswillen des Anbieters.<\/p>\n\n\n\n<h3 class=\"wp-block-heading has-system-sans-serif-font-family has-large-font-size\">\u00a7 2 Externe Links<\/h3>\n\n\n\n<p>Diese Website enth\u00e4lt Verkn\u00fcpfungen zu Websites Dritter (&#8222;externe Links&#8220;). Diese Websites unterliegen der Haftung der jeweiligen Betreiber. Der Anbieter hat bei der erstmaligen Verkn\u00fcpfung der externen Links die fremden Inhalte daraufhin \u00fcberpr\u00fcft, ob etwaige Rechtsverst\u00f6\u00dfe bestehen. Zu dem Zeitpunkt waren keine Rechtsverst\u00f6\u00dfe ersichtlich. Der Anbieter hat keinerlei Einfluss auf die aktuelle und zuk\u00fcnftige Gestaltung und auf die Inhalte der verkn\u00fcpften Seiten. Das Setzen von externen Links bedeutet nicht, dass sich der Anbieter die hinter dem Verweis oder Link liegenden Inhalte zu Eigen macht. Eine st\u00e4ndige Kontrolle der externen Links ist f\u00fcr den Anbieter ohne konkrete Hinweise auf Rechtsverst\u00f6\u00dfe nicht zumutbar. Bei Kenntnis von Rechtsverst\u00f6\u00dfen werden jedoch derartige externe Links unverz\u00fcglich gel\u00f6scht.<\/p>\n\n\n\n<h3 class=\"wp-block-heading has-system-sans-serif-font-family has-large-font-size\">\u00a7 3 Urheber- und Leistungsschutzrechte<\/h3>\n\n\n\n<p>Die auf dieser Website ver\u00f6ffentlichten Inhalte unterliegen dem deutschen Urheber- und Leistungsschutzrecht. Jede vom deutschen Urheber- und Leistungsschutzrecht nicht zugelassene Verwertung bedarf der vorherigen schriftlichen Zustimmung des Anbieters oder jeweiligen Rechteinhabers. Dies gilt insbesondere f\u00fcr Vervielf\u00e4ltigung, Bearbeitung, \u00dcbersetzung, Einspeicherung, Verarbeitung bzw. Wiedergabe von Inhalten in Datenbanken oder anderen elektronischen Medien und Systemen. Inhalte und Rechte Dritter sind dabei als solche gekennzeichnet. Die unerlaubte Vervielf\u00e4ltigung oder Weitergabe einzelner Inhalte oder kompletter Seiten ist nicht gestattet und strafbar. Lediglich die Herstellung von Kopien und Downloads f\u00fcr den pers\u00f6nlichen, privaten und nicht kommerziellen Gebrauch ist erlaubt. Die Darstellung dieser Website in fremden Frames ist nur mit schriftlicher Erlaubnis zul\u00e4ssig.<\/p>\n<\/div>\n\n\n\n<p><\/p>\n\n\n\n<p><\/p>\n\n\n\n<p><\/p>\n","protected":false},"excerpt":{"rendered":"<p>Anschrift: Heck-Pack GmbH &amp; Co. KGUnter den Eichen 1557635 WeyerbuschTelefon: 02686 897788Telefax: 02686 897800E-Mail: info@alutransportboxen.de Vertreten durch: Gesch\u00e4ftsf\u00fchrer:Alexander Br\u00e4ul Registereintrag: Eingetragen im Handelsregister.Registergericht: Handelsregister des Amtsgerichtes MontabaurRegisternummer: HRA 22420 Die Heck-Pack GmbH &amp; Co. KG wird vertreten durch die Heck-Pack Verwaltungs GmbH, eingetragen im Handelsregister des Amtsgerichtes Montabaur unter HRB 27079. Umsatzsteuer-ID: Umsatzsteuer-Identifikationsnummer nach \u00a727a [&hellip;]<\/p>\n","protected":false},"author":1,"featured_media":0,"parent":0,"menu_order":0,"comment_status":"closed","ping_status":"closed","template":"","meta":{"footnotes":""},"class_list":["post-94","page","type-page","status-publish","hentry"],"_links":{"self":[{"href":"https:\/\/www.alutransportboxen.de\/index.php?rest_route=\/wp\/v2\/pages\/94","targetHints":{"allow":["GET"]}}],"collection":[{"href":"https:\/\/www.alutransportboxen.de\/index.php?rest_route=\/wp\/v2\/pages"}],"about":[{"href":"https:\/\/www.alutransportboxen.de\/index.php?rest_route=\/wp\/v2\/types\/page"}],"author":[{"embeddable":true,"href":"https:\/\/www.alutransportboxen.de\/index.php?rest_route=\/wp\/v2\/users\/1"}],"replies":[{"embeddable":true,"href":"https:\/\/www.alutransportboxen.de\/index.php?rest_route=%2Fwp%2Fv2%2Fcomments&post=94"}],"version-history":[{"count":6,"href":"https:\/\/www.alutransportboxen.de\/index.php?rest_route=\/wp\/v2\/pages\/94\/revisions"}],"predecessor-version":[{"id":104,"href":"https:\/\/www.alutransportboxen.de\/index.php?rest_route=\/wp\/v2\/pages\/94\/revisions\/104"}],"wp:attachment":[{"href":"https:\/\/www.alutransportboxen.de\/index.php?rest_route=%2Fwp%2Fv2%2Fmedia&parent=94"}],"curies":[{"name":"wp","href":"https:\/\/api.w.org\/{rel}","templated":true}]}}